f 55973?
9
What is the ten thousands digit of 82239?
8
What is the ten thousands digit of 233302?
3
What is the ten thousands digit of 2510708?
1
What is the units digit of 34061577?
7
What is the millions digit of 6625576?
6
What is the units digit of 14344125?
5
What is the units digit of 1006920?
0
What is the thousands digit of 13778628?
8
What is the millions digit of 24852949?
4
What is the ten thousands digit of 46744?
4
What is the thousands digit of 561869?
1
What is the ten thousands digit of 3089296?
8
What is the hundred thousands digit of 4618475?
6
What is the millions digit of 2136606?
2
What is the thousands digit of 17924426?
4
What is the hundred thousands digit of 420262?
4
What is the hundred thousands digit of 326678?
3
What is the thousands digit of 10247682?
7
What is the thousands digit of 8153358?
3
What is the tens digit of 156887?
8
What is the ten millions digit of 11197939?
1
What is the tens digit of 4556497?
9
What is the millions digit of 7836495?
7
What is the hundred thousands digit of 9782552?
7
What is the ten thousands digit of 567678?
6
What is the units digit of 115994?
4
What is the ten thousands digit of 20389960?
8
What is the thousands digit of 11955169?
5
What is the tens digit of 59205?
0
What is the millions digit of 1113801?
1
What is the units digit of 245309?
9
What is the units digit of 2751920?
0
What is the hundred thousands digit of 11041323?
0
What is the hundred thousands digit of 3893299?
8
What is the units digit of 5247340?
0
What is the tens digit of 49713?
1
What is the ten thousands digit of 11545048?
4
What is the thousands digit of 1931186?
1
What is the hundred thousands digit of 460507?
4
What is the units digit of 106474?
4
What is the thousands digit of 1237587?
7
What is the thousands digit of 418777?
8
What is the tens digit of 368348?
4
What is the hundred thousands digit of 366207?
3
What is the hundred thousands digit of 225094?
2
What is the hundreds digit of 346278?
2
What is the units digit of 19463007?
7
What is the tens digit of 99046?
4
What is the ten thousands digit of 411667?
1
What is the hundred thousands digit of 39504551?
5
What is the ten thousands digit of 980313?
8
What is the millions digit of 4755003?
4
What is the millions digit of 10292686?
0
What is the hundred thousands digit of 6412106?
4
What is the millions digit of 1837623?
1
What is the hundreds digit of 2448943?
9
What is the hundreds digit of 2935438?
4
What is the tens digit of 913356?
5
What is the hundred thousands digit of 533529?
5
What is the hundreds digit of 262012?
0
What is the units digit of 14196039?
9
What is the hundreds digit of 6103966?
9
What is the hundred thousands digit of 2907556?
9
What is the thousands digit of 7059377?
9
What is the thousands digit of 171336?
1
What is the tens digit of 18544543?
4
What is the units digit of 245394?
4
What is the hundreds digit of 3404288?
2
What is the units digit of 2667260?
0
What is the tens digit of 423932?
3
What is the millions digit of 3862048?
3
What is the tens digit of 480858?
5
What is the hundreds digit of 28535160?
1
What is the tens digit of 645866?
6
What is the thousands digit of 21974404?
4
What is the hundred thousands digit of 2009122?
0
What is the units digit of 127655?
5
What is the tens digit of 167880?
8
What is the hundreds digit of 3105536?
5
What is the thousands digit of 298766?
8
What is the hundreds digit of 6413264?
2
What is the hundreds digit of 659305?
3
What is the units digit of 72088?
8
What is the ten thousands digit of 4439262?
3
What is the thousands digit of 911684?
1
What is the hundreds digit of 239949?
9
What is the units digit of 1948530?
0
What is the hundreds digit of 1469875?
8
What is the units digit of 6522873?
3
What is the thousands digit of 4624614?
4
What is the millions digit of 3268045?
3
What is the units digit of 97107?
7
What is the ten thousands digit of 1761603?
6
What is the millions digit of 4180703?
4
What is the units digit of 278402?
2
What is the tens digit of 258681?
8
What is the hundreds digit of 376193?
1
What is the thousands digit of 1830583?
0
What is the hundreds digit of 255433?
4
What is the tens digit of 55220?
2
What is the units digit of 307678?
8
What is the hundreds digit of 155597?
5
What is the thousands digit of 11293405?
3
What is the ten thousands digit of 505503?
0
What is the thousands digit of 623925?
3
What is the thousands digit of 1151756?
1
What is the thousands digit of 2112743?
2
What is the hundred thousands digit of 274718?
2
What is the ten thousands digit of 503257?
0
What is the hundred thousands digit of 527441?
5
What is the hundreds digit of 47406?
4
What is the thousands digit of 12288228?
8
What is the units digit of 397691?
1
What is the tens digit of 308997?
9
What is the tens digit of 8493347?
4
What is the hundred thousands digit of 1997033?
9
What is the thousands digit of 169008?
9
What is the tens digit of 111297?
9
What is the tens digit of 559892?
9
What is the units digit of 465718?
8
What is the hundreds digit of 82229?
2
What is the tens digit of 322381?
8
What is the millions digit of 6806102?
6
What is the thousands digit of 8171085?
1
What is the thousands digit of 1093747?
3
What is the ten millions digit of 30853119?
3
What is the hundreds digit of 450102?
1
What is the tens digit of 70357?
5
What is the hundred thousands digit of 161702?
1
What is the hundred thousands digit of 313244?
3
What is the millions digit of 1286083?
1
What is the hundreds digit of 8429754?
7
What is the units digit of 949590?
0
What is the tens digit of 7941889?
8
What is the ten millions digit of 30444855?
3
What is the hundreds digit of 25262367?
3
What is the hundred thousands digit of 251026?
2
What is the hundreds digit of 1054621?
6
What is the units digit of 197047?
7
What is the ten thousands digit of 166721?
6
What is the hundreds digit of 261933?
9
What is the tens digit of 322475?
7
What is the hundreds digit of 2776506?
5
What is the hundreds digit of 2831160?
1
What is the hundreds digit of 453621?
6
What is the thousands digit of 405623?
5
What is the thousands digit of 348457?
8
What is the ten millions digit of 14483177?
1
What is the millions digit of 1136580?
1
What is the hundred thousands digit of 212765?
2
What is the ten thousands digit of 441095?
4
What is the thousands digit of 8939?
8
What is the millions digit of 11004707?
1
What is the thousands digit of 7507634?
7
What is the tens digit of 7131178?
7
What is the thousands digit of 1754654?
4
What is the units digit of 2457233?
3
What is the thousands digit of 129876?
9
What is the hundreds digit of 2171052?
0
What is the millions digit of 2011965?
2
What is the ten thousands digit of 723554?
2
What is the hundreds digit of 344670?
6
What is the units digit of 851500?
0
What is the thousands digit of 443245?
3
What is the tens digit of 18840091?
9
What is the hundreds digit of 10629435?
4
What is the tens digit of 5268816?
1
What is the thousands digit of 723002?
3
What is the tens digit of 293803?
0
What is the thousands digit of 899544?
9
What is the hundred thousands digit of 268841?
2
What is the ten thousands digit of 76712?
7
What is the hundred thousands digit of 587150?
5
What is the tens digit of 217507?
0
What is the thousands digit of 1177431?
7
What is the ten thousands digit of 855255?
5
What is the millions digit of 2864994?
2
What is the tens digit of 248033?
3
What is the units digit of 6395450?
0
What is the hundred thousands digit of 5074795?
0
What is the tens digit of 3528561?
6
What is the units digit of 1098179?
9
What is the hundred thousands digit of 355460?
3
What is the ten thousands digit of 3059372?
5
What is the hundred thousands digit of 205442?
2
What is the tens digit of 8018943?
4
What is the millions digit of 11289781?
1
What is the thousands digit of 9280675?
0
What is the thousands digit of 9037810?
7
What is the units digit of 828387?
7
What is the thousands digit of 10902345?
2
What is the ten thousands digit of 4228339?
2
What is the tens digit of 10873301?
0
What is the hundreds digit of 672673?
6
What is the ten thousands digit of 828644?
2
What is the hundred thousands digit of 9153570?
1
What is the ten millions di